 is the value of 8 - (-6 + 0 + (485 - 452))?
-19
What is (-31 - -13 - -4) + 21?
7
What is -11 + (7 + -5 - 2)?
-11
What is (-18 - -13) + 4 + -9 + (3 - -4)?
-3
What is the value of (-13 - (-12 + 7)) + 4 + 0 - -12?
8
Calculate 2 + -2 - (-31 + 36).
-5
(2 - (-7 + 0 + 11)) + 7
5
What is 12 + -12 + 7 + -5 + -7?
-5
Evaluate -17 - (-10 + 4 + -2).
-9
18 + (-16 - (-2 + 3))
1
Evaluate (-15 - -41) + -17 - 3.
6
What is 2 + 2 + 1 - ((-19 - 3) + 21)?
6
Evaluate (-1 - -3) + (20 - 13).
9
Calculate (6 - (-21 + 10)) + 2 + -8.
11
What is (8 + -12 - -5 - -4) + -13?
-8
Calculate (0 - -1) + 1 + 3 + -8.
-3
What is the value of (-2 - -3) + (-11 - -10 - 21)?
-21
What is the value of -10 - (-19 + 30 - 8)?
-13
What is the value of (-5 - -4) + 2 + -1 - (5 + 5)?
-10
Calculate -2 - ((15 - 11) + (2 - -10) + -6).
-12
What is 225 + -221 + (-1 - -16)?
19
What is the value of (-9 - 2) + 7 + 31 + -23 + 11?
15
Calculate 97 + -106 - (2 - 0).
-11
(-12 - -2) + 14 + -20 + 10
-6
What is the value of (39 - (5 - 1)) + -21?
14
What is the value of (-17 - 4 - 39) + 35?
-25
What is the value of 587 + -622 - (1 + -18)?
-18
Calculate -3 + 1 - (7 + -1) - (3537 - 3566).
21
What is (-3 - 0) + -4 + 4 - (22 - 12)?
-13
Evaluate (1 - -12) + 3 + 35 + -41.
10
18 + 0 + (3 - 6) + 0 + -2
13
Evaluate (0 - 2) + 8 + (-17 - -14) + 18.
21
Evaluate 1 + -9 + (65 - 61) - (-20 + 2).
14
26 + (-44 + 49 - (2 - -5))
24
(-32 - (1 - 31)) + 5
3
What is (5 + -1 + -10 - 0) + 2 + 14?
10
What is 15 + (-3 - -1) - (-98 + 102)?
9
-3 - ((-14 - -9) + (-2 - (2 + -1)))
5
What is (4 - -3 - 4) + (3 - 0 - 5)?
1
What is (17 + 20 - 19) + (-5 - (-3 - -2))?
14
Evaluate (-2 + 0 - 0) + 29 - (-364 + 373).
18
What is -1 - (-20 + 38 - 23)?
4
(4 - 3) + (6 - 4 - 11 - -8)
0
Evaluate -73 - -50 - (2 - (8 - (3 - 1))).
-19
Evaluate ((-6 - 4) + -13 - -4) + -1 + -8.
-28
What is -8 - (-13 + 5 + -7) - (0 - -4)?
3
What is the value of (33 - (5 + 24)) + 11?
15
What is the value of (-20 - (-10 - (-9 - 4))) + 4?
-19
(8 - 19) + 6 + 4
-1
What is the value of (1 - 2 - (-12 + 1)) + 674 + -671?
13
Evaluate 3 + 46 + -27 - 21.
1
Calculate -1 + (-17 - 0) + 19 - (-10 + 3).
8
What is the value of (-2 - 10) + 20 + -9 + (0 - -9)?
8
What is the value of 0 + (10 - (37 - 16))?
-11
1 + (2 - (-7 - -4)) - (-6 - -5)
7
Evaluate -7 + (7 - (1 - -4)) + 11 - 18.
-12
What is -21 - ((20 - -20) + -76)?
15
10 + (0 - 5) + (-23 + 5 - -2)
-11
-13 + -1 + 0 - (2 + -7) - -5
-4
Evaluate -3 + (18 - (-7 - -4)) + 3.
21
What is 1 + 6 - 24 - 0 - -2?
-15
What is the value of -22 + 18 + 11 + -22?
-15
Evaluate (-9 + 3 - -20) + -11 - 8.
-5
What is -30 + 60 + -37 + 5?
-2
-11 + (-8 - (4 + -19)) + 5 + 8
9
Evaluate 609 + -629 - (0 - 17).
-3
Calculate -3 + -8 + 18 - -3 - (-4 + -17).
31
What is 0 + -4 - (18 + 2 - 29)?
5
Evaluate 195 + -190 - (1 - 1 - 8).
13
Calculate 29 + -31 + -6 + -3 + -13.
-24
What is -94 - -87 - (2 - 21)?
12
Evaluate 28 - 24 - -12 - 29.
-13
Calculate 7 - (3 + -7 + 3 + 0).
8
Evaluate -29 - (6 - (-15 + 35) - -16).
-31
What is (-44 - -10) + 23 - -15?
4
-30 - (7 - 20 - -4)
-21
Evaluate 3 - (2 + 4) - (1 + (-3 - 0)).
-1
What is the value of 16 - (-29 + 48 - 6)?
3
What is (-1 - 4) + 17 + -13 + 2?
1
What is 3 - ((1 + 2 - 6) + -1) - -11?
18
Evaluate 1 - (-4 + 1 + -2) - (75 + -54).
-15
What is 28 + (-10 - (-3 + -27 + 18))?
30
What is the value of -19 - (1 + 11 + -55 + 26)?
-2
14 - (1 - -3 - 0) - (-13 - -6)
17
-1 + 13 + 3 - 7 - 20
-12
Evaluate 12 + (-8 - 14) + (1 - -2).
-7
Calculate (-29 - (0 - 12)) + (0 - -1 - -6).
-10
-9 - (-15 - -2 - 0)
4
What is 117 + -139 + (1 - (-5 + -2 + 1))?
-15
Calculate -45 + 44 - ((2 - (2 + 1)) + -25).
25
-12 + (16 + -10 + 4 - 15)
-17
-28 - -4 - -18 - -9
3
What is 13 + -9 + 7 - (5 - -25)?
-19
What is 41 + -47 + 9 + 16?
19
What is 3 - ((-38 - (6 - 2)) + 8 + 8)?
29
Calculate (6 - -10 - 9) + 4.
11
-12 + -5 + 7 + 7
-3
What is the value of (38 - (3 - -12)) + -12?
11
What is the value of (206 - 206) + (1 - 15)?
-14
Evaluate 18 + -19 + 21 - 1.
19
Evaluate -2 + -8 - (-8 - (-15 - -7)).
-10
What is (17 - (-4 + (12 - -8))) + (-2 - 2)?
-3
What is the value of 5 + -9 + -1 - (1 - 4 - -3)?
-5
Evaluate 7 + (-6 + 3 + -2 - 1) - -5.
6
Evaluate -1 + 0 + (-7 + -3 - (-61 - -53)).
-3
Evaluate (-2 - (1 + -1 + -1)) + (3 - 8).
-6
What is the value of (9 - 0) + -8 + 34 + -46?
-11
Calculate -2 + -4 - (-5 + (-2 - -8)) - -30.
23
What is the value of -2 - -4 - (20 + 11 + -3)?
-26
Evaluate 3 + (-2 - (-8 - (-26 - -2)) - 5).
-20
Calculate -14 - (-26 + 14 + -2).
0
(-17 - -13) + (-2 - -5 - -5) + 2
6
What is 0 + -8 + 22 + -7 + 7?
14
What is the value of 4 + -17 + (-7 - -13 - -1)?
-6
Evaluate (-1 - 1 - -6) + 2 + (374 - 370).
10
What is -1 + -15 + (-5 + 0 - 1)?
-22
What is the value of 748 + -748 - ((2 - 3) + -1 - 3)?
5
Calculate (-7 - (-2 - (-2 + 1 + 1))) + 16.
11
-2 + 2 + -11 + 10 + -2 + 11
8
What is the value of -7 + 10 + 4 - 1 - (17 - 0)?
-11
Evaluate (14 - (-2 + 13 + (1 - 7))) + -7.
2
Evaluate (-37 - (-14 - -2)) + 36.
11
What is the value of -11 - (-1 - (19 + (3 - 9)))?
3
What is -25 - (-14 + -11) - 11?
-11
Calculate (1 - 7) + 31 + -2 + -26.
-3
What is the value of -40 - ((2 - 0 - 11) + -660 + 665)?
-36
What is the value of 9 + -6 + (12 - (5 - 2)) + -4?
8
What is the value of 0 + 2 - (-23 - (-10 - 10))?
5
Calculate 9 + -2 - (4 - (-2 - 0)) - -11.
12
Calculate 354 + -346 + (-2 - 28).
-22
1 + -16 + -5 + 16 + -3
-7
What is -40 + -9 - (-24 - 0)?
-25
Evaluate -1 + -2 - (1 - 4) - (-514 - -526).
-12
Calculate (18 - 1) + -17 + 8 + -18.
-10
Calculate 7 + 14 + -10 - (-3 + 25).
-11
-24 + 3 + 1 + (8 - 2 - 9)
-23
-12 - (21 - (3 - -12))
-18
Evaluate (-12 - -3 - (-22 + 17) - 3) + -3.
-10
Evaluate -2 + -1 + -9 + 6.
-6
Evaluate -6 + (2 - -1 - -9) - (2 + -7).
11
-2 + -8 - -1 - (-22 + 42 + -27)
-2
Calculate -24 + 20 + 5 + -6 + 1.
-4
What is the value of -6 - (48 + -34 + -37)?
17
-37 + 57 + (0 - 29)
-9
-22 + 9 + 3 + -4
-14
Evaluate (-75 - -70) + (0 - -2 - -1) + 9.
7
Calculate (1 - -17) + (-86 - -79) + -6 - -25.
30
Calculate (57 - 57) + 4 + 3.
7
What is the value of -8 + 1 + (3 - (4 - -6 - 5))?
-9
What is (0 - -7) + (10 - (-9 - -19)) - -4?
11
What is the value of -5 + 1 + (-7 - (8 - 15))?
-4
What is the value of 2 + 7 + (-5 - -1 - 12)?
-7
Evaluate -14 + (30 - 13) + -11.
-8
What is the value of 54 - 71 - (-23 - 5)?
11
Calculate (1 - ((1 - 1) + 2)) + 1022 + -1032.
-11
Calculate 9 + (-24 + 41 + -19 - (1 - 5)).
11
Evaluate 12 + (26 - 15) + -17.
6
8 + -5 + (5 - 4)
4
(-36 - -30) + 5 + -19
-20
What is 0 - 9 - -11 - (0 + (4 - 11))?
9
What is the value of 5 - (-15 + 25) - -7?
2
What is the value of (-5 + -4 - -4) + (12 + 8 - -4)?
19
What is -58 + 37 + 16 + -1 - (1 + -20)?
13
What is the value of 27 - 1 - (424 + -398)?
0
What is the value of -1 - ((-5 - -2) + -5) - (7 - 13)?
13
What is -1 + 0 + 8 - (-5 - 31 - -28)?
15
What is 8 - (-1 - (-2 - -6))?
13
Calculate -1 - (-21 - (-3 + 1) - (-16 - -23)).
25
What is the value of -1 + 1 - (-17 + 8) - 3?
6
What is the value of -28 + 21 + (7 - 4)?
-4
What is 1 + -2 + 1 - 2 - (-1379 + 1392)?
-15
16 - (-4 + 1) - 19
0
Evaluate (79 - 43) + -55 - (-4 + 1).
-16
Evaluate (13 - 34) + (-36 - -44).
-13
What is the value of 2 - (-2 + 11 + -10)?
3
Calculate (0 - -4 - (-22 + 1)) + 4 + -4.
25
What is (-7 - (-12 + 10)) + -7 + 0?
-12
What is -23 - -22 - (4 + -9) - (-1 + 9)?
-4
1 - (-10 + 19 + -4 + -7)
3
What is 8 + -8 + 2 + 3 + -14?
-9
-5 - (-6 + (4 - (-1 + -2)) - -5)
-11
0 + (17 - 6) - 11 - 16
-16
-2 + 9 + (-13 - 2) + -44 + 33
-19
Evaluate 6 - 6 - (-9 + (5 - 19)).
23
What is 4 - (-4 + -3 + 6) - -10?
15
What is the value of -8 + (11 + -29 - -4)?
-22
(9 - ((0 - -32) + 2) - 2) + -2
-29
-15 - (-5 + 11 + -3 + -3 + 0)
-15
Evaluate -2 + 0 + -3 + (9 - (-2 - 2)).
8
What is the value of 4 + (7 - 7) + -1 + -5?
-2
Evaluate -15 - ((7 - 19) + -7).
4
Calculate (0 - (16 + -13)) + -1 + -4 + 2.
-6
What is the value of (-1 - 1) + -19 + 8 + 7?
-6
What is 3 + (-19 - (-8 + 6))?
-14
Evaluate -2 + (2 + 1 - (19 - (26 + -2))).
6
Evaluate 7 + (11 - (4 + -6 - -15)).
5
Evaluate (1 - 1) + 2 + 13 - (289 - 282).
8
What is -1 + (55 - 45) - (0 - -32)?
-23
Evaluate 2 - ((71 - 63) + (0 - 16)).
10
Calculate (0 + (-2 - -3 - 5) - -6) + 0.
2
What is -20 + -26 + -19 + 43?
-22
Evaluate 43 - 34 - (0 + 14) - (1 - -9).
-15
What is 18 + 1 - (-27 + 19) - 6 - 1?
20
What is (-9 - (-5 + 9)) + 18 + -23?
-18
What is the value of -10 - (1 + 0 - (91 + -86))?
